{"id":14,"date":"2025-06-05T13:25:01","date_gmt":"2025-06-05T11:25:01","guid":{"rendered":"https:\/\/pureplay.pl\/?page_id=14"},"modified":"2026-01-02T09:54:35","modified_gmt":"2026-01-02T08:54:35","slug":"o-nas","status":"publish","type":"page","link":"https:\/\/brandxmedia.pl\/","title":{"rendered":"O nas"},"content":{"rendered":"<p>[et_pb_section fb_built=&#8221;1&#8243; _builder_version=&#8221;4.27.4&#8243; _module_preset=&#8221;default&#8221; background_color=&#8221;RGBA(255,255,255,0)&#8221; vertical_offset=&#8221;-51px&#8221; global_colors_info=&#8221;{}&#8221;][et_pb_row disabled_on=&#8221;on|on|off&#8221; _builder_version=&#8221;4.27.4&#8243; _module_preset=&#8221;default&#8221; background_image=&#8221;https:\/\/brandxmedia.pl\/wp-content\/uploads\/2025\/07\/Pic_HP_Opt.png&#8221; module_alignment=&#8221;center&#8221; min_height=&#8221;583px&#8221; height=&#8221;357px&#8221; max_height=&#8221;100px&#8221; border_width_all=&#8221;0px&#8221; border_color_all=&#8221;RGBA(255,255,255,0)&#8221; border_style_all=&#8221;double&#8221; border_color_top=&#8221;#c4c4c4&#8243; border_style_top=&#8221;solid&#8221; border_color_bottom=&#8221;#c4c4c4&#8243; border_radii_tablet=&#8221;&#8221; border_radii_phone=&#8221;&#8221; border_radii_last_edited=&#8221;on|phone&#8221; global_colors_info=&#8221;{}&#8221;][et_pb_column type=&#8221;4_4&#8243; _builder_version=&#8221;4.27.4&#8243; _module_preset=&#8221;default&#8221; global_colors_info=&#8221;{}&#8221;][et_pb_text disabled_on=&#8221;off|off|off&#8221; _builder_version=&#8221;4.27.4&#8243; _module_preset=&#8221;default&#8221; text_font=&#8221;||||||||&#8221; text_text_color=&#8221;#000000&#8243; text_font_size=&#8221;18px&#8221; text_line_height=&#8221;1.8em&#8221; positioning=&#8221;relative&#8221; vertical_offset=&#8221;48px&#8221; horizontal_offset=&#8221;495px&#8221; width=&#8221;48%&#8221; inline_fonts=&#8221;Poppins&#8221; global_colors_info=&#8221;{}&#8221;]<\/p>\n<p><span style=\"font-size: x-large;\"><strong><span style=\"font-family: Poppins;\">Witamy w BrandX Media!<\/span><\/strong><\/span><\/p>\n<p><span style=\"font-family: Poppins; font-weight: normal; font-size: large;\">Jeste\u015bmy agencj\u0105 mediow\u0105 wyspecjalizowan\u0105 w mediach Digital. Planujemy, kupujemy i optymalizujemy kampanie we wszystkich kana\u0142ach online \u2013 od displayu, searchu i socialu po programmatic, video i retail media.<\/span><\/p>\n<p><span style=\"font-family: Poppins; font-weight: normal; font-size: large;\">Dysponujemy do\u015bwiadczeniem zdobytym na setkach kampanii, zaawansowanymi narz\u0119dziami analitycznymi i zespo\u0142em skoncentrowanym na efektywno\u015b\u0107, kt\u00f3r\u0105 zawsze wida\u0107 w liczbach.<\/span><\/p>\n<p><span style=\"font-family: Poppins; font-weight: normal; font-size: large;\">W\u0142a\u015bciwa strategia oraz rzetelna egzekucja gwarantuj\u0105 sukces ka\u017cdej realiozwanej przez nas kampanii. Dla ka\u017cdego Klienta, ka\u017cdej marki, ka\u017cdego bud\u017cetu.<\/span><\/p>\n<p>[\/et_pb_text][\/et_pb_column][\/et_pb_row][et_pb_row disabled_on=&#8221;off|off|on&#8221; _builder_version=&#8221;4.27.4&#8243; _module_preset=&#8221;default&#8221; global_colors_info=&#8221;{}&#8221;][et_pb_column type=&#8221;4_4&#8243; _builder_version=&#8221;4.27.4&#8243; _module_preset=&#8221;default&#8221; global_colors_info=&#8221;{}&#8221;][et_pb_image src=&#8221;https:\/\/brandxmedia.pl\/wp-content\/uploads\/2025\/07\/Man_stand_AdobeStock_93572127.png&#8221; title_text=&#8221;Man_stand_AdobeStock_93572127&#8243; _builder_version=&#8221;4.27.4&#8243; _module_preset=&#8221;default&#8221; global_colors_info=&#8221;{}&#8221;][\/et_pb_image][\/et_pb_column][\/et_pb_row][et_pb_row disabled_on=&#8221;off|off|on&#8221; _builder_version=&#8221;4.27.4&#8243; _module_preset=&#8221;default&#8221; global_colors_info=&#8221;{}&#8221;][et_pb_column type=&#8221;4_4&#8243; _builder_version=&#8221;4.27.4&#8243; _module_preset=&#8221;default&#8221; global_colors_info=&#8221;{}&#8221;][et_pb_text _builder_version=&#8221;4.27.4&#8243; _module_preset=&#8221;default&#8221; global_colors_info=&#8221;{}&#8221;]<\/p>\n<p><span style=\"font-size: x-large;\"><strong><span style=\"font-family: Poppins;\">Witamy w BrandX Media!<\/span><\/strong><\/span><\/p>\n<p><span style=\"font-size: x-large;\"><strong><span style=\"font-family: Poppins;\"><\/span><\/strong><\/span><\/p>\n<p><span style=\"font-family: Poppins; font-weight: normal; font-size: large;\">Jeste\u015bmy agencj\u0105 mediow\u0105 wyspecjalizowan\u0105 w mediach Digital. Planujemy, kupujemy i optymalizujemy kampanie we wszystkich kana\u0142ach online \u2013 od displayu, searchu i socialu po programmatic, video i retail media.<\/span><\/p>\n<p><span style=\"font-family: Poppins; font-weight: normal; font-size: large;\">Dysponujemy do\u015bwiadczeniem zdobytym na setkach kampanii, zaawansowanymi narz\u0119dziami analitycznymi i zespo\u0142em skoncentrowanym na efektywno\u015b\u0107, kt\u00f3r\u0105 zawsze wida\u0107 w liczbach.<\/span><\/p>\n<p><span style=\"font-family: Poppins; font-weight: normal; font-size: large;\">W\u0142a\u015bciwa strategia oraz rzetelna egzekucja gwarantuj\u0105 sukces ka\u017cdej realiozwanej przez nas kampanii. Dla ka\u017cdego Klienta, ka\u017cdej marki, ka\u017cdego bud\u017cetu.<\/span><\/p>\n<p>[\/et_pb_text][\/et_pb_column][\/et_pb_row][et_pb_row disabled_on=&#8221;on|on|off&#8221; _builder_version=&#8221;4.27.4&#8243; _module_preset=&#8221;default&#8221; background_color=&#8221;#941100&#8243; vertical_offset=&#8221;31px&#8221; min_height=&#8221;46px&#8221; height=&#8221;49px&#8221; max_height=&#8221;1000px&#8221; custom_margin=&#8221;0px||0px||false|false&#8221; border_radii=&#8221;on|2px|2px|2px|2px&#8221; global_colors_info=&#8221;{}&#8221;][et_pb_column type=&#8221;4_4&#8243; _builder_version=&#8221;4.27.4&#8243; _module_preset=&#8221;default&#8221; global_colors_info=&#8221;{}&#8221;][et_pb_text content_tablet=&#8221;<\/p>\n<p>3 Filary BrandX Media<\/p>\n<p>&#8221; content_phone=&#8221;<\/p>\n<p>Nasza Skuteczno\u015b\u0107<\/p>\n<p>&#8221; content_last_edited=&#8221;on|tablet&#8221; _builder_version=&#8221;4.27.4&#8243; _module_preset=&#8221;default&#8221; text_font=&#8221;Manrope|700|||||||&#8221; text_text_color=&#8221;#FFFFFF&#8221; text_font_size=&#8221;29px&#8221; background_color=&#8221;RGBA(255,255,255,0)&#8221; positioning=&#8221;relative&#8221; vertical_offset=&#8221;-9px&#8221; horizontal_offset=&#8221;10px&#8221; z_index=&#8221;0&#8243; custom_margin=&#8221;||0px||false|false&#8221; global_colors_info=&#8221;{}&#8221;]<\/p>\n<p>Jakie jest znaczenie litery X w BrandX ?<\/p>\n<p>[\/et_pb_text][\/et_pb_column][\/et_pb_row][et_pb_row column_structure=&#8221;1_3,2_3&#8243; disabled_on=&#8221;on|on|off&#8221; _builder_version=&#8221;4.27.4&#8243; _module_preset=&#8221;default&#8221; background_color=&#8221;RGBA(255,255,255,0)&#8221; vertical_offset=&#8221;19px&#8221; horizontal_offset=&#8221;0px&#8221; min_height=&#8221;326px&#8221; height=&#8221;353px&#8221; max_height=&#8221;508px&#8221; border_width_all=&#8221;0px&#8221; border_color_all=&#8221;#c4c4c4&#8243; border_color_bottom=&#8221;#c4c4c4&#8243; global_colors_info=&#8221;{}&#8221;][et_pb_column type=&#8221;1_3&#8243; _builder_version=&#8221;4.27.4&#8243; _module_preset=&#8221;default&#8221; global_colors_info=&#8221;{}&#8221;][et_pb_image src=&#8221;https:\/\/brandxmedia.pl\/wp-content\/uploads\/2025\/08\/web_AdobeStock_307620990-1.png&#8221; title_text=&#8221;web_AdobeStock_307620990&#8243; _builder_version=&#8221;4.27.4&#8243; _module_preset=&#8221;default&#8221; height=&#8221;300px&#8221; global_colors_info=&#8221;{}&#8221;][\/et_pb_image][\/et_pb_column][et_pb_column type=&#8221;2_3&#8243; _builder_version=&#8221;4.27.4&#8243; _module_preset=&#8221;default&#8221; global_colors_info=&#8221;{}&#8221;][et_pb_text disabled_on=&#8221;on|on|off&#8221; _builder_version=&#8221;4.27.4&#8243; _module_preset=&#8221;default&#8221; text_font=&#8221;||||||||&#8221; text_text_color=&#8221;#000000&#8243; text_font_size=&#8221;17px&#8221; text_line_height=&#8221;1.9em&#8221; positioning=&#8221;relative&#8221; z_index=&#8221;0&#8243; border_color_left=&#8221;#c4c4c4&#8243; global_colors_info=&#8221;{}&#8221;]<\/p>\n<p><span style=\"color: #333333; font-size: 17px;\"><\/span><\/p>\n<p><span style=\"color: #333333; font-size: 17px;\"><strong>X<\/strong> to wi\u0119cej ni\u017c litera \u2013 to sedno naszej filozofii.<\/span><\/p>\n<p><span style=\"color: #333333;\">To punkt przeci\u0119cia: strategii, egzekucji i mierzalnych wynik\u00f3w. <\/span><span style=\"color: #333333;\">To miejsce, gdzie efektywno\u015b\u0107 kampanii nie jest obietnic\u0105, ale standardem.<\/span><span style=\"color: #333333;\"><\/span><\/p>\n<p><strong>X<\/strong> oznacza:<br \/>Experience \u2013 Klienta i jego klient\u00f3w,<br \/>Ekspertyz\u0119 \u2013 w kana\u0142ach komunikacji, danych i optymalizacji,<br \/>Ekspotencjalno\u015b\u0107 \u2013 bo mierzony wzrost to nie \u201eplus 10%\u201d, tylko 2x, 3x czy 4x.<\/p>\n<p>[\/et_pb_text][\/et_pb_column][\/et_pb_row][et_pb_row disabled_on=&#8221;off|off|off&#8221; _builder_version=&#8221;4.27.4&#8243; _module_preset=&#8221;default&#8221; background_color=&#8221;#941100&#8243; vertical_offset=&#8221;7px&#8221; min_height=&#8221;46px&#8221; height=&#8221;49px&#8221; max_height=&#8221;1000px&#8221; custom_margin=&#8221;0px||0px||false|false&#8221; border_radii=&#8221;on|2px|2px|2px|2px&#8221; global_colors_info=&#8221;{}&#8221;][et_pb_column type=&#8221;4_4&#8243; _builder_version=&#8221;4.27.4&#8243; _module_preset=&#8221;default&#8221; global_colors_info=&#8221;{}&#8221;][et_pb_text content_tablet=&#8221;<\/p>\n<p>3 Filary BrandX Media<\/p>\n<p>&#8221; content_phone=&#8221;<\/p>\n<p>3 Filary BrandX Media<\/p>\n<p>&#8221; content_last_edited=&#8221;on|phone&#8221; _builder_version=&#8221;4.27.4&#8243; _module_preset=&#8221;default&#8221; text_font=&#8221;Manrope|700|||||||&#8221; text_text_color=&#8221;#FFFFFF&#8221; text_font_size=&#8221;29px&#8221; background_color=&#8221;RGBA(255,255,255,0)&#8221; positioning=&#8221;relative&#8221; vertical_offset=&#8221;-9px&#8221; horizontal_offset=&#8221;10px&#8221; z_index=&#8221;0&#8243; custom_margin=&#8221;||0px||false|false&#8221; global_colors_info=&#8221;{}&#8221;]<\/p>\n<p>3 Filary BrandX Media<\/p>\n<p>[\/et_pb_text][\/et_pb_column][\/et_pb_row][et_pb_row column_structure=&#8221;1_3,1_3,1_3&#8243; disabled_on=&#8221;off|off|off&#8221; _builder_version=&#8221;4.27.4&#8243; _module_preset=&#8221;default&#8221; vertical_offset=&#8221;-7px&#8221; custom_margin=&#8221;10px|auto||auto||&#8221; global_colors_info=&#8221;{}&#8221;][et_pb_column type=&#8221;1_3&#8243; _builder_version=&#8221;4.27.4&#8243; _module_preset=&#8221;default&#8221; global_colors_info=&#8221;{}&#8221;][et_pb_text disabled_on=&#8221;off|off|off&#8221; _builder_version=&#8221;4.27.4&#8243; _module_preset=&#8221;default&#8221; text_text_color=&#8221;#404040&#8243; text_font_size=&#8221;24px&#8221; global_colors_info=&#8221;{}&#8221;]<\/p>\n<p>Strategia<\/p>\n<p>[\/et_pb_text][\/et_pb_column][et_pb_column type=&#8221;1_3&#8243; _builder_version=&#8221;4.27.4&#8243; _module_preset=&#8221;default&#8221; global_colors_info=&#8221;{}&#8221;][et_pb_text disabled_on=&#8221;off|off|off&#8221; _builder_version=&#8221;4.27.4&#8243; _module_preset=&#8221;default&#8221; text_text_color=&#8221;#404040&#8243; text_font_size=&#8221;24px&#8221; global_colors_info=&#8221;{}&#8221;]<\/p>\n<p>Egzekucja<\/p>\n<p>[\/et_pb_text][\/et_pb_column][et_pb_column type=&#8221;1_3&#8243; _builder_version=&#8221;4.27.4&#8243; _module_preset=&#8221;default&#8221; global_colors_info=&#8221;{}&#8221;][et_pb_text _builder_version=&#8221;4.27.4&#8243; _module_preset=&#8221;default&#8221; text_text_color=&#8221;#404040&#8243; text_font_size=&#8221;24px&#8221; global_colors_info=&#8221;{}&#8221;]<\/p>\n<p>Impakt<\/p>\n<p>[\/et_pb_text][\/et_pb_column][\/et_pb_row][et_pb_row column_structure=&#8221;1_3,1_3,1_3&#8243; _builder_version=&#8221;4.27.4&#8243; _module_preset=&#8221;default&#8221; vertical_offset=&#8221;-48px&#8221; min_height=&#8221;100px&#8221; custom_margin=&#8221;||-26px||false|false&#8221; global_colors_info=&#8221;{}&#8221;][et_pb_column type=&#8221;1_3&#8243; _builder_version=&#8221;4.27.4&#8243; _module_preset=&#8221;default&#8221; global_colors_info=&#8221;{}&#8221;][et_pb_image src=&#8221;https:\/\/brandxmedia.pl\/wp-content\/uploads\/2025\/08\/web_AdobeStock_1283565171.png&#8221; title_text=&#8221;web_AdobeStock_1283565171&#8243; show_in_lightbox=&#8221;on&#8221; module_id=&#8221;my-image-hover-text&#8221; module_class=&#8221;`my-image-hover-text`&#8221; _builder_version=&#8221;4.27.4&#8243; _module_preset=&#8221;default&#8221; custom_css_free_form=&#8221;.my-image-hover-text .et_overlay:before {||    content: %22We build focused, high-competence media teams tailored to each client\u2019s business. Every role \u2014 from strategic lead to media buyer and analyst \u2014 is clearly defined and fully dedicated to one client only. No split focus. No shared resources. Our people are measured by business outcomes, not agency KPIs. This ensures full control, speed, and consistency \u2014 without the overhead of legacy agency structures.ekst%22;||    font-family: inherit;||    font-size: 19px;||    text-align: center;||    transform: translateX(-50%) translateY(-50%);||    margin-left: 0;||    width: 80%;||}&#8221; global_colors_info=&#8221;{}&#8221;][\/et_pb_image][et_pb_text _builder_version=&#8221;4.27.4&#8243; _module_preset=&#8221;default&#8221; text_text_color=&#8221;#000000&#8243; text_font_size=&#8221;16px&#8221; global_colors_info=&#8221;{}&#8221;]<\/p>\n<p style=\"text-align: justify;\">W BrandX Media strategia to nie wst\u0119p do kampanii. To jej fundament.<\/p>\n<p style=\"text-align: justify;\">Nie wierzymy w dzia\u0142ania \u201ena pr\u00f3b\u0119\u201d i bud\u017cety przepalane w chaosie. Wiemy, \u017ce \u017cadna \u2013 nawet najlepiej zoptymalizowana \u2013 kampania nie przyniesie efektu, je\u015bli nie stoi za ni\u0105 przemy\u015blany plan, oparty na danych, wiedzy i celach biznesowych.<\/p>\n<p style=\"text-align: justify;\">Dlatego ka\u017cdy projekt zaczynamy od precyzyjnego rozpoznania: potrzeb marki, warunk\u00f3w rynkowych, kana\u0142\u00f3w, bud\u017cet\u00f3w i barier. Nast\u0119pnie budujemy scenariusze, planujemy lejki, dobieramy media i KPI \u2013 \u015bwiadomie, nie automatycznie.<\/p>\n<p style=\"text-align: justify;\">Wykorzystujemy narz\u0119dzia analityczne i modele planistyczne, ale kluczowa pozostaje kompetencja: \u0142\u0105czenie wiedzy z obszaru marketingu, technologii i biznesu.<\/p>\n<p style=\"text-align: justify;\">Dzi\u0119ki temu strategia w BrandX Media nie jest slajdem na pocz\u0105tku prezentacji.<br \/>Jest struktur\u0105, kt\u00f3ra prowadzi kampani\u0119 do konkretnego, mierzalnego celu.<\/p>\n<p>[\/et_pb_text][\/et_pb_column][et_pb_column type=&#8221;1_3&#8243; _builder_version=&#8221;4.27.4&#8243; _module_preset=&#8221;default&#8221; global_colors_info=&#8221;{}&#8221;][et_pb_image src=&#8221;https:\/\/brandxmedia.pl\/wp-content\/uploads\/2025\/08\/web_AdobeStock_673663858.png&#8221; title_text=&#8221;web_AdobeStock_673663858&#8243; _builder_version=&#8221;4.27.4&#8243; _module_preset=&#8221;default&#8221; global_colors_info=&#8221;{}&#8221;][\/et_pb_image][et_pb_text _builder_version=&#8221;4.27.4&#8243; _module_preset=&#8221;default&#8221; text_text_color=&#8221;#000000&#8243; text_font_size=&#8221;16px&#8221; global_colors_info=&#8221;{}&#8221;]<\/p>\n<p style=\"text-align: justify;\">Najlepsza strategia nic nie znaczy, je\u015bli nie zostanie w\u0142a\u015bciwie wdro\u017cona.<\/p>\n<p style=\"text-align: justify;\">Dlatego egzekucja to dla nas nie \u201erealizacja kampanii\u201d, lecz ci\u0105g\u0142a praca operacyjna \u2013 oparta na dyscyplinie, systemie i mierzalnym celu.<\/p>\n<p style=\"text-align: justify;\">Dbamy o to, by ka\u017cda kampania by\u0142a nie tylko zaplanowana, ale te\u017c rzetelnie wykonana: z w\u0142a\u015bciwym ustawieniem narz\u0119dzi, doborem format\u00f3w, biddingiem i optymalizacj\u0105 kosztow\u0105 \u2013 tak, by jako\u015b\u0107 sz\u0142a w parze z kosztem.<\/p>\n<p style=\"text-align: justify;\">Dzia\u0142amy codziennie \u2013 nie \u201eco jaki\u015b czas\u201d. Analizujemy dane, wprowadzamy zmiany, testujemy, poprawiamy. Reagujemy na zmiany rynkowe i mediowe w czasie rzeczywistym, a nie po fakcie.<\/p>\n<p style=\"text-align: justify;\">W BrandX Media egzekucja to precyzja dzia\u0142ania \u2013 nie tylko techniczna, ale i organizacyjna. To kontrola nad bud\u017cetem i platform\u0105. To ci\u0105g\u0142o\u015b\u0107 i powtarzalno\u015b\u0107. Bo tylko tak strategia mo\u017ce prze\u0142o\u017cy\u0107 si\u0119 na realny wynik.<\/p>\n<p>[\/et_pb_text][\/et_pb_column][et_pb_column type=&#8221;1_3&#8243; _builder_version=&#8221;4.27.4&#8243; _module_preset=&#8221;default&#8221; global_colors_info=&#8221;{}&#8221;][et_pb_image src=&#8221;https:\/\/brandxmedia.pl\/wp-content\/uploads\/2025\/08\/web_AdobeStock_1575548689.png&#8221; title_text=&#8221;web_AdobeStock_1575548689&#8243; _builder_version=&#8221;4.27.4&#8243; _module_preset=&#8221;default&#8221; global_colors_info=&#8221;{}&#8221;][\/et_pb_image][et_pb_text _builder_version=&#8221;4.27.4&#8243; _module_preset=&#8221;default&#8221; text_text_color=&#8221;#000000&#8243; text_font_size=&#8221;16px&#8221; global_colors_info=&#8221;{}&#8221;]<\/p>\n<p style=\"text-align: justify;\">Efekt nas interesuje tylko wtedy, gdy jest rzeczywisty.<\/p>\n<p style=\"text-align: justify;\">Patrzymy na klikni\u0119cia, zasi\u0119gi czy CPM-y, ale zawsze w kontek\u015bcie biznesu Klienta. Bo przede wszystkim liczy si\u0119 wk\u0142ad kampanii w to, co wa\u017cne dla Klienta: przych\u00f3d, koszt, mar\u017c\u0119, wynik operacyjny.<\/p>\n<p style=\"text-align: justify;\">Projektujemy dzia\u0142ania tak, by generowa\u0142y jako\u015bciowy ruch, wysok\u0105 konwersj\u0119 i ni\u017cszy koszt dotarcia do celu. Nie chodzi o to, by wydawa\u0107 wi\u0119cej \u2013 ale by z tego samego bud\u017cetu wycisn\u0105\u0107 wi\u0119cej warto\u015bci.<\/p>\n<p style=\"text-align: justify;\">Wsp\u00f3\u0142praca z BrandX Media to nie tylko dobrze przeprowadzona kampania. To bezpo\u015bredni, mierzalny wp\u0142yw na rentowno\u015b\u0107 biznesu. Bo prawdziwy impact to nie wska\u017anik \u2013 to liczba na wyniku finansowym.<\/p>\n<p>[\/et_pb_text][\/et_pb_column][\/et_pb_row][et_pb_row _builder_version=&#8221;4.27.4&#8243; _module_preset=&#8221;default&#8221; global_colors_info=&#8221;{}&#8221;][et_pb_column type=&#8221;4_4&#8243; _builder_version=&#8221;4.27.4&#8243; _module_preset=&#8221;default&#8221; global_colors_info=&#8221;{}&#8221;][et_pb_divider color=&#8221;#c4c4c4&#8243; _builder_version=&#8221;4.27.4&#8243; _module_preset=&#8221;default&#8221; global_colors_info=&#8221;{}&#8221;][\/et_pb_divider][\/et_pb_column][\/et_pb_row][et_pb_row column_structure=&#8221;1_3,1_3,1_3&#8243; _builder_version=&#8221;4.27.4&#8243; _module_preset=&#8221;default&#8221; global_colors_info=&#8221;{}&#8221;][et_pb_column type=&#8221;1_3&#8243; _builder_version=&#8221;4.27.4&#8243; _module_preset=&#8221;default&#8221; global_colors_info=&#8221;{}&#8221;][et_pb_button button_url=&#8221;https:\/\/brandxmedia.pl\/index.php\/kontakt\/&#8221; button_text=&#8221;Um\u00f3wmy si\u0119 na spotkanie, ch\u0119tnie odpowiemy na Pa\u0144stwa brief&#8221; button_alignment=&#8221;left&#8221; _builder_version=&#8221;4.27.4&#8243; _module_preset=&#8221;default&#8221; custom_button=&#8221;on&#8221; button_text_size=&#8221;20px&#8221; button_text_color=&#8221;#FFFFFF&#8221; button_bg_color=&#8221;#941100&#8243; button_border_width=&#8221;2px&#8221; button_border_color=&#8221;#FFFFFF&#8221; button_border_radius=&#8221;11px&#8221; button_letter_spacing=&#8221;0px&#8221; button_font=&#8221;|700|||||||&#8221; button_use_icon=&#8221;off&#8221; box_shadow_style=&#8221;preset1&#8243; global_colors_info=&#8221;{}&#8221;][\/et_pb_button][\/et_pb_column][et_pb_column type=&#8221;1_3&#8243; _builder_version=&#8221;4.27.4&#8243; _module_preset=&#8221;default&#8221; global_colors_info=&#8221;{}&#8221;][\/et_pb_column][et_pb_column type=&#8221;1_3&#8243; _builder_version=&#8221;4.27.4&#8243; _module_preset=&#8221;default&#8221; global_colors_info=&#8221;{}&#8221;][\/et_pb_column][\/et_pb_row][\/et_pb_section]<\/p>\n","protected":false},"excerpt":{"rendered":"<p>Witamy w BrandX Media! Jeste\u015bmy agencj\u0105 mediow\u0105 wyspecjalizowan\u0105 w mediach Digital. Planujemy, kupujemy i optymalizujemy kampanie we wszystkich kana\u0142ach online \u2013 od displayu, searchu i socialu po programmatic, video i retail media. Dysponujemy do\u015bwiadczeniem zdobytym na setkach kampanii, zaawansowanymi narz\u0119dziami analitycznymi i zespo\u0142em skoncentrowanym na efektywno\u015b\u0107, kt\u00f3r\u0105 zawsze wida\u0107 w liczbach. W\u0142a\u015bciwa strategia oraz rzetelna [&hellip;]<\/p>\n","protected":false},"author":1,"featured_media":0,"parent":0,"menu_order":0,"comment_status":"closed","ping_status":"closed","template":"","meta":{"_et_pb_use_builder":"on","_et_pb_old_content":"","_et_gb_content_width":"","footnotes":""},"class_list":["post-14","page","type-page","status-publish","hentry"],"_links":{"self":[{"href":"https:\/\/brandxmedia.pl\/index.php\/wp-json\/wp\/v2\/pages\/14","targetHints":{"allow":["GET"]}}],"collection":[{"href":"https:\/\/brandxmedia.pl\/index.php\/wp-json\/wp\/v2\/pages"}],"about":[{"href":"https:\/\/brandxmedia.pl\/index.php\/wp-json\/wp\/v2\/types\/page"}],"author":[{"embeddable":true,"href":"https:\/\/brandxmedia.pl\/index.php\/wp-json\/wp\/v2\/users\/1"}],"replies":[{"embeddable":true,"href":"https:\/\/brandxmedia.pl\/index.php\/wp-json\/wp\/v2\/comments?post=14"}],"version-history":[{"count":274,"href":"https:\/\/brandxmedia.pl\/index.php\/wp-json\/wp\/v2\/pages\/14\/revisions"}],"predecessor-version":[{"id":2255,"href":"https:\/\/brandxmedia.pl\/index.php\/wp-json\/wp\/v2\/pages\/14\/revisions\/2255"}],"wp:attachment":[{"href":"https:\/\/brandxmedia.pl\/index.php\/wp-json\/wp\/v2\/media?parent=14"}],"curies":[{"name":"wp","href":"https:\/\/api.w.org\/{rel}","templated":true}]}}