{"id":586,"date":"2025-06-16T20:55:27","date_gmt":"2025-06-16T18:55:27","guid":{"rendered":"https:\/\/pureplay.pl\/?page_id=586"},"modified":"2025-10-01T14:14:55","modified_gmt":"2025-10-01T12:14:55","slug":"uslugi","status":"publish","type":"page","link":"https:\/\/brandxmedia.pl\/index.php\/uslugi\/","title":{"rendered":"Us\u0142ugi"},"content":{"rendered":"<p>[et_pb_section fb_built=&#8221;1&#8243; _builder_version=&#8221;4.27.4&#8243; _module_preset=&#8221;default&#8221; global_colors_info=&#8221;{}&#8221;][et_pb_row column_structure=&#8221;2_5,3_5&#8243; _builder_version=&#8221;4.27.4&#8243; _module_preset=&#8221;default&#8221; vertical_offset=&#8221;-29px&#8221; border_width_top=&#8221;1px&#8221; border_color_top=&#8221;#c4c4c4&#8243; border_width_bottom=&#8221;1px&#8221; border_color_bottom=&#8221;#c4c4c4&#8243; global_colors_info=&#8221;{}&#8221;][et_pb_column type=&#8221;2_5&#8243; _builder_version=&#8221;4.27.4&#8243; _module_preset=&#8221;default&#8221; global_colors_info=&#8221;{}&#8221;][et_pb_image src=&#8221;https:\/\/brandxmedia.pl\/wp-content\/uploads\/2025\/08\/web_AdobeStock_417126408.png&#8221; title_text=&#8221;web_AdobeStock_417126408&#8243; _builder_version=&#8221;4.27.4&#8243; _module_preset=&#8221;default&#8221; border_radii=&#8221;on|6px|6px|6px|6px&#8221; border_width_all=&#8221;1px&#8221; border_color_all=&#8221;#c4c4c4&#8243; global_colors_info=&#8221;{}&#8221;][\/et_pb_image][\/et_pb_column][et_pb_column type=&#8221;3_5&#8243; _builder_version=&#8221;4.27.4&#8243; _module_preset=&#8221;default&#8221; global_colors_info=&#8221;{}&#8221;][et_pb_text _builder_version=&#8221;4.27.4&#8243; _module_preset=&#8221;default&#8221; text_font=&#8221;||||||||&#8221; text_text_color=&#8221;#404040&#8243; text_font_size=&#8221;26px&#8221; text_line_height=&#8221;2.5em&#8221; global_colors_info=&#8221;{}&#8221;]<\/p>\n<p>Prowadzimy dla Klient\u00f3w kompletne kampanie Digital, we wszystkich kana\u0142ach i platformach. <span>Projektujemy kampanie full-funnel \u2013 od budowania zasi\u0119gu po maksymalizacj\u0119 konwersji \u2013 zawsze w zgodzie z danymi, procesem i konkretnym celem biznesowym Klienta.<\/span><\/p>\n<p>[\/et_pb_text][\/et_pb_column][\/et_pb_row][et_pb_row disabled_on=&#8221;off|off|off&#8221; _builder_version=&#8221;4.27.4&#8243; _module_preset=&#8221;default&#8221; background_color=&#8221;#941100&#8243; vertical_offset=&#8221;0px&#8221; min_height=&#8221;46px&#8221; height=&#8221;49px&#8221; max_height=&#8221;1000px&#8221; custom_margin=&#8221;0px||0px||false|false&#8221; border_radii=&#8221;on|2px|2px|2px|2px&#8221; global_colors_info=&#8221;{}&#8221;][et_pb_column type=&#8221;4_4&#8243; _builder_version=&#8221;4.27.4&#8243; _module_preset=&#8221;default&#8221; global_colors_info=&#8221;{}&#8221;][et_pb_text content_tablet=&#8221;<\/p>\n<p>Strategy, execution, impact w praktyce<\/p>\n<p>&#8221; content_phone=&#8221;<\/p>\n<p>Metoda pracy<\/p>\n<p>&#8221; content_last_edited=&#8221;on|phone&#8221; _builder_version=&#8221;4.27.4&#8243; _module_preset=&#8221;default&#8221; text_font=&#8221;Manrope|700|||||||&#8221; text_text_color=&#8221;#FFFFFF&#8221; text_font_size=&#8221;29px&#8221; background_color=&#8221;RGBA(255,255,255,0)&#8221; positioning=&#8221;relative&#8221; vertical_offset=&#8221;-9px&#8221; horizontal_offset=&#8221;10px&#8221; z_index=&#8221;0&#8243; custom_margin=&#8221;||0px||false|false&#8221; global_colors_info=&#8221;{}&#8221;]<\/p>\n<p>Strategy, execution, impact w praktyce<\/p>\n<p>[\/et_pb_text][\/et_pb_column][\/et_pb_row][et_pb_row _builder_version=&#8221;4.27.4&#8243; _module_preset=&#8221;default&#8221; global_colors_info=&#8221;{}&#8221;][et_pb_column type=&#8221;4_4&#8243; _builder_version=&#8221;4.27.4&#8243; _module_preset=&#8221;default&#8221; global_colors_info=&#8221;{}&#8221;][et_pb_text _builder_version=&#8221;4.27.4&#8243; _module_preset=&#8221;default&#8221; text_text_color=&#8221;#000000&#8243; text_font_size=&#8221;16px&#8221; global_colors_info=&#8221;{}&#8221;]<\/p>\n<p>Nasza deklaracja \u201eStrategy &#8211; Execution &#8211; Impact\u201d wpisana w logotyp BrandX Media to realne przestrzenie, kt\u00f3re s\u0105 dla nas bardzo wa\u017cne. To trzy filary, kt\u00f3re definiuj\u0105 nasz spos\u00f3b pracy: strategia wyznacza kierunek, egzekucja zapewnia sprawczo\u015b\u0107, a impakt potwierdza dostarczan\u0105 warto\u015b\u0107.<\/p>\n<p>Ka\u017cdy z tych element\u00f3w to konkretne dzia\u0142ania, decyzje i odpowiedzialno\u015b\u0107 \u2014 od segmentacji i \u015bcie\u017cki zakupowej, przez testowanie i optymalizacj\u0119, a\u017c po realizacj\u0119 cel\u00f3w, skalowanie wynik\u00f3w i kontrol\u0119 nad efektem. Wszystko, co robimy, s\u0142u\u017cy jednemu: realnemu wp\u0142ywowi na wynik kampanii Klienta.<\/p>\n<p>[\/et_pb_text][\/et_pb_column][\/et_pb_row][et_pb_row column_structure=&#8221;1_5,3_5,1_5&#8243; _builder_version=&#8221;4.27.4&#8243; _module_preset=&#8221;default&#8221; global_colors_info=&#8221;{}&#8221;][et_pb_column type=&#8221;1_5&#8243; _builder_version=&#8221;4.27.4&#8243; _module_preset=&#8221;default&#8221; global_colors_info=&#8221;{}&#8221;][\/et_pb_column][et_pb_column type=&#8221;3_5&#8243; _builder_version=&#8221;4.27.4&#8243; _module_preset=&#8221;default&#8221; global_colors_info=&#8221;{}&#8221;][et_pb_image src=&#8221;https:\/\/brandxmedia.pl\/wp-content\/uploads\/2025\/08\/Zrzut-ekranu-2025-08-4-o-11.33.09.png&#8221; title_text=&#8221;Zrzut ekranu 2025-08-4 o 11.33.09&#8243; _builder_version=&#8221;4.27.4&#8243; _module_preset=&#8221;default&#8221; global_colors_info=&#8221;{}&#8221;][\/et_pb_image][\/et_pb_column][et_pb_column type=&#8221;1_5&#8243; _builder_version=&#8221;4.27.4&#8243; _module_preset=&#8221;default&#8221; global_colors_info=&#8221;{}&#8221;][\/et_pb_column][\/et_pb_row][et_pb_row disabled_on=&#8221;off|off|off&#8221; _builder_version=&#8221;4.27.4&#8243; _module_preset=&#8221;default&#8221; background_color=&#8221;#941100&#8243; vertical_offset=&#8221;0px&#8221; min_height=&#8221;46px&#8221; height=&#8221;49px&#8221; max_height=&#8221;1000px&#8221; custom_margin=&#8221;0px||0px||false|false&#8221; border_radii=&#8221;on|2px|2px|2px|2px&#8221; global_colors_info=&#8221;{}&#8221;][et_pb_column type=&#8221;4_4&#8243; _builder_version=&#8221;4.27.4&#8243; _module_preset=&#8221;default&#8221; global_colors_info=&#8221;{}&#8221;][et_pb_text content_tablet=&#8221;<\/p>\n<p>Nasze kompetencje<\/p>\n<p>&#8221; content_phone=&#8221;<\/p>\n<p>Nasze kompetencje<\/p>\n<p>&#8221; content_last_edited=&#8221;on|desktop&#8221; _builder_version=&#8221;4.27.4&#8243; _module_preset=&#8221;default&#8221; text_font=&#8221;Manrope|700|||||||&#8221; text_text_color=&#8221;#FFFFFF&#8221; text_font_size=&#8221;29px&#8221; background_color=&#8221;RGBA(255,255,255,0)&#8221; positioning=&#8221;relative&#8221; vertical_offset=&#8221;-9px&#8221; horizontal_offset=&#8221;10px&#8221; z_index=&#8221;0&#8243; custom_margin=&#8221;||0px||false|false&#8221; global_colors_info=&#8221;{}&#8221;]<\/p>\n<p>Kompetencje w kana\u0142ach komunikacji<\/p>\n<p>[\/et_pb_text][\/et_pb_column][\/et_pb_row][et_pb_row _builder_version=&#8221;4.27.4&#8243; _module_preset=&#8221;default&#8221; global_colors_info=&#8221;{}&#8221;][et_pb_column type=&#8221;4_4&#8243; _builder_version=&#8221;4.27.4&#8243; _module_preset=&#8221;default&#8221; global_colors_info=&#8221;{}&#8221;][et_pb_text _builder_version=&#8221;4.27.4&#8243; _module_preset=&#8221;default&#8221; text_text_color=&#8221;#000000&#8243; text_font_size=&#8221;16px&#8221; global_colors_info=&#8221;{}&#8221;]<\/p>\n<p>W BrandX Media posiadamy kompetencje we wszystkich kluczowych domenach digital. Od planowania kampanii display, SEM i programmatic, przez social, SEO, e\u2011mail, afiliacj\u0119 i influencer\u00f3w, a\u017c po dane, content i segmentacj\u0119 \u2014 dzia\u0142amy tam, gdzie realnie wa\u017cy si\u0119 skuteczno\u015b\u0107 kampanii.<\/p>\n<p>Ka\u017cdy kana\u0142 pe\u0142ni inn\u0105 funkcj\u0119 w lejku zakupowym, ale dopiero ich synchronizacja przek\u0142ada si\u0119 na wynik. Nie traktujemy ich osobno \u2014 projektujemy media tak, by ze sob\u0105 wsp\u00f3\u0142gra\u0142y: strategicznie, operacyjnie i biznesowo. Dlatego w BrandX Media nie tylko \u201eobs\u0142ugujemy kana\u0142y\u201d ale tworzymy z nich sp\u00f3jny mechanizm do osi\u0105gania cel\u00f3w Klienta.<\/p>\n<p>[\/et_pb_text][\/et_pb_column][\/et_pb_row][et_pb_row column_structure=&#8221;1_5,3_5,1_5&#8243; _builder_version=&#8221;4.27.4&#8243; _module_preset=&#8221;default&#8221; global_colors_info=&#8221;{}&#8221;][et_pb_column type=&#8221;1_5&#8243; _builder_version=&#8221;4.27.4&#8243; _module_preset=&#8221;default&#8221; global_colors_info=&#8221;{}&#8221;][\/et_pb_column][et_pb_column type=&#8221;3_5&#8243; _builder_version=&#8221;4.27.4&#8243; _module_preset=&#8221;default&#8221; global_colors_info=&#8221;{}&#8221;][et_pb_image src=&#8221;https:\/\/brandxmedia.pl\/wp-content\/uploads\/2025\/08\/Zrzut-ekranu-2025-08-4-o-11.33.50.png&#8221; title_text=&#8221;Zrzut ekranu 2025-08-4 o 11.33.50&#8243; _builder_version=&#8221;4.27.4&#8243; _module_preset=&#8221;default&#8221; global_colors_info=&#8221;{}&#8221;][\/et_pb_image][\/et_pb_column][et_pb_column type=&#8221;1_5&#8243; _builder_version=&#8221;4.27.4&#8243; _module_preset=&#8221;default&#8221; global_colors_info=&#8221;{}&#8221;][\/et_pb_column][\/et_pb_row][et_pb_row disabled_on=&#8221;off|off|off&#8221; _builder_version=&#8221;4.27.4&#8243; _module_preset=&#8221;default&#8221; background_color=&#8221;#941100&#8243; vertical_offset=&#8221;0px&#8221; min_height=&#8221;46px&#8221; height=&#8221;49px&#8221; max_height=&#8221;1000px&#8221; custom_margin=&#8221;0px||0px||false|false&#8221; border_radii=&#8221;on|2px|2px|2px|2px&#8221; global_colors_info=&#8221;{}&#8221;][et_pb_column type=&#8221;4_4&#8243; _builder_version=&#8221;4.27.4&#8243; _module_preset=&#8221;default&#8221; global_colors_info=&#8221;{}&#8221;][et_pb_text content_tablet=&#8221;<\/p>\n<p>Zakres us\u0142ug<\/p>\n<p>&#8221; content_phone=&#8221;<\/p>\n<p>Zakres us\u0142ug<\/p>\n<p>&#8221; content_last_edited=&#8221;on|phone&#8221; _builder_version=&#8221;4.27.4&#8243; _module_preset=&#8221;default&#8221; text_font=&#8221;Manrope|700|||||||&#8221; text_text_color=&#8221;#FFFFFF&#8221; text_font_size=&#8221;29px&#8221; background_color=&#8221;RGBA(255,255,255,0)&#8221; positioning=&#8221;relative&#8221; vertical_offset=&#8221;-9px&#8221; horizontal_offset=&#8221;10px&#8221; z_index=&#8221;0&#8243; custom_margin=&#8221;||0px||false|false&#8221; global_colors_info=&#8221;{}&#8221;]<\/p>\n<p>Zakres us\u0142ug<\/p>\n<p>[\/et_pb_text][\/et_pb_column][\/et_pb_row][et_pb_row _builder_version=&#8221;4.27.4&#8243; _module_preset=&#8221;default&#8221; global_colors_info=&#8221;{}&#8221;][et_pb_column type=&#8221;4_4&#8243; _builder_version=&#8221;4.27.4&#8243; _module_preset=&#8221;default&#8221; global_colors_info=&#8221;{}&#8221;][et_pb_text _builder_version=&#8221;4.27.4&#8243; _module_preset=&#8221;default&#8221; text_text_color=&#8221;#000000&#8243; text_font_size=&#8221;16px&#8221; global_colors_info=&#8221;{}&#8221;]<\/p>\n<p>Nasze wsparcie dla Klient\u00f3w obejmuje pe\u0142ny zakres dzia\u0142a\u0144, narz\u0119dzi i kompetencji niezb\u0119dnych do prowadzenia skutecznych kampanii Digital. S\u0105 to precyzyjnie dobrane koncepcje komunikacji i kana\u0142y, zaawansowane platformy reklamowe, sprawdzone procesy operacyjne, analityka, raportowanie i kontrola jako\u015bci. Zatem zapewniamy pe\u0142ne zaplecze do zarz\u0105dzania mediami na poziomie, jakiego oczekuj\u0105 najbardziej wymagaj\u0105cy reklamodawcy.<\/p>\n<p>[\/et_pb_text][\/et_pb_column][\/et_pb_row][et_pb_row _builder_version=&#8221;4.27.4&#8243; _module_preset=&#8221;default&#8221; min_height=&#8221;80px&#8221; height=&#8221;80px&#8221; max_height=&#8221;87px&#8221; global_colors_info=&#8221;{}&#8221;][et_pb_column type=&#8221;4_4&#8243; _builder_version=&#8221;4.27.4&#8243; _module_preset=&#8221;default&#8221; global_colors_info=&#8221;{}&#8221;][et_pb_image src=&#8221;https:\/\/brandxmedia.pl\/wp-content\/uploads\/2025\/08\/Zrzut-ekranu-2025-08-4-o-11.34.12-scaled.png&#8221; title_text=&#8221;Zrzut ekranu 2025-08-4 o 11.34.12&#8243; _builder_version=&#8221;4.27.4&#8243; _module_preset=&#8221;default&#8221; positioning=&#8221;relative&#8221; vertical_offset=&#8221;-40px&#8221; global_colors_info=&#8221;{}&#8221;][\/et_pb_image][\/et_pb_column][\/et_pb_row][et_pb_row disabled_on=&#8221;off|off|off&#8221; _builder_version=&#8221;4.27.4&#8243; _module_preset=&#8221;default&#8221; background_color=&#8221;#941100&#8243; vertical_offset=&#8221;0px&#8221; min_height=&#8221;46px&#8221; height=&#8221;49px&#8221; max_height=&#8221;1000px&#8221; custom_margin=&#8221;0px||0px||false|false&#8221; border_radii=&#8221;on|2px|2px|2px|2px&#8221; global_colors_info=&#8221;{}&#8221;][et_pb_column type=&#8221;4_4&#8243; _builder_version=&#8221;4.27.4&#8243; _module_preset=&#8221;default&#8221; global_colors_info=&#8221;{}&#8221;][et_pb_text content_tablet=&#8221;<\/p>\n<p>Nasz proces strategiczny<\/p>\n<p>&#8221; content_phone=&#8221;<\/p>\n<p>Proces strategiczny<\/p>\n<p>&#8221; content_last_edited=&#8221;on|phone&#8221; _builder_version=&#8221;4.27.4&#8243; _module_preset=&#8221;default&#8221; text_font=&#8221;Manrope|700|||||||&#8221; text_text_color=&#8221;#FFFFFF&#8221; text_font_size=&#8221;29px&#8221; background_color=&#8221;RGBA(255,255,255,0)&#8221; positioning=&#8221;relative&#8221; vertical_offset=&#8221;-9px&#8221; horizontal_offset=&#8221;10px&#8221; z_index=&#8221;0&#8243; custom_margin=&#8221;||0px||false|false&#8221; global_colors_info=&#8221;{}&#8221;]<\/p>\n<p>Proces strategiczny BrandX Media<\/p>\n<p>[\/et_pb_text][\/et_pb_column][\/et_pb_row][et_pb_row _builder_version=&#8221;4.27.4&#8243; _module_preset=&#8221;default&#8221; global_colors_info=&#8221;{}&#8221;][et_pb_column type=&#8221;4_4&#8243; _builder_version=&#8221;4.27.4&#8243; _module_preset=&#8221;default&#8221; global_colors_info=&#8221;{}&#8221;][et_pb_text _builder_version=&#8221;4.27.4&#8243; _module_preset=&#8221;default&#8221; text_text_color=&#8221;#000000&#8243; text_font_size=&#8221;16px&#8221; global_colors_info=&#8221;{}&#8221;]<\/p>\n<p>W BrandX Media wspieramy Klienta na ka\u017cdym etapie procesu mediowego. Od strategii i planowania, przez zakup, dane, technologi\u0119 i optymalizacj\u0119, a\u017c po edukacj\u0119 i budowanie kompetencji \u2014 dzia\u0142amy systemowo, kompleksowo i z pe\u0142nym zaanga\u017cowaniem. Ka\u017cdy z tych element\u00f3w to cz\u0119\u015b\u0107 sp\u00f3jnego procesu, w kt\u00f3rym kolejne etapy s\u0105 jasno zdefiniowane, logicznie po\u0142\u0105czone i realizowane z operacyjn\u0105 dyscyplin\u0105. Dzi\u0119ki tej strukturze kampanie s\u0105 dobrze przemy\u015blane, w\u0142a\u015bciwie zrealizowane co ostatecznie umo\u017cliwia realizacj\u0119 cel\u00f3w Klienta. <\/p>\n<p>[\/et_pb_text][\/et_pb_column][\/et_pb_row][et_pb_row column_structure=&#8221;1_5,3_5,1_5&#8243; _builder_version=&#8221;4.27.4&#8243; _module_preset=&#8221;default&#8221; global_colors_info=&#8221;{}&#8221;][et_pb_column type=&#8221;1_5&#8243; _builder_version=&#8221;4.27.4&#8243; _module_preset=&#8221;default&#8221; global_colors_info=&#8221;{}&#8221;][\/et_pb_column][et_pb_column type=&#8221;3_5&#8243; _builder_version=&#8221;4.27.4&#8243; _module_preset=&#8221;default&#8221; global_colors_info=&#8221;{}&#8221;][et_pb_image src=&#8221;https:\/\/brandxmedia.pl\/wp-content\/uploads\/2025\/07\/Zrzut-ekranu-2025-07-27-o-14.10.33-1.png&#8221; title_text=&#8221;Zrzut ekranu 2025-07-27 o 14.10.33&#8243; _builder_version=&#8221;4.27.4&#8243; _module_preset=&#8221;default&#8221; global_colors_info=&#8221;{}&#8221;][\/et_pb_image][\/et_pb_column][et_pb_column type=&#8221;1_5&#8243; _builder_version=&#8221;4.27.4&#8243; _module_preset=&#8221;default&#8221; global_colors_info=&#8221;{}&#8221;][\/et_pb_column][\/et_pb_row][et_pb_row _builder_version=&#8221;4.27.4&#8243; _module_preset=&#8221;default&#8221; global_colors_info=&#8221;{}&#8221;][et_pb_column type=&#8221;4_4&#8243; _builder_version=&#8221;4.27.4&#8243; _module_preset=&#8221;default&#8221; global_colors_info=&#8221;{}&#8221;][et_pb_text _builder_version=&#8221;4.27.4&#8243; _module_preset=&#8221;default&#8221; text_text_color=&#8221;#000000&#8243; text_font_size=&#8221;16px&#8221; global_colors_info=&#8221;{}&#8221;]<\/p>\n<h3><b>Strategia i planowanie<\/b><\/h3>\n<p><b><\/b><\/p>\n<p class=\"p3\">W BrandX Media tworzymy strategie mediowe bezpo\u015brednio powi\u0105zane z celami biznesowymi Klienta. Ka\u017cdy plan odzwierciedla rzeczywiste priorytety: wzrost na konkretnych rynkach, premiery produktowe, sezonowo\u015b\u0107, presj\u0119 kosztow\u0105. Proces planowania prowadzi do mierzalnych za\u0142o\u017ce\u0144, jasno zdefiniowanych r\u00f3l i konkretnych krok\u00f3w operacyjnych \u2014 zawsze powi\u0105zanych z egzekucj\u0105. U nas strategia nie ko\u0144czy si\u0119 na prezentacji \u2014 zaczyna si\u0119 w dzia\u0142aniu.<\/p>\n<h3><b><\/b><\/h3>\n<h3><b>Zarz\u0105dzanie efektywno\u015bci\u0105 i optymalizacje<\/b><\/h3>\n<p><b><\/b><\/p>\n<p class=\"p3\">Efektywno\u015bci\u0105 zarz\u0105dzamy w cyklu ci\u0105g\u0142ym, nie okresowo. Monitorujemy tempo wydatkowania, koszty jednostkowe i jako\u015b\u0107 zakupu w czasie rzeczywistym \u2014 reaguj\u0105c szybko i precyzyjnie. Dzia\u0142amy w oparciu o klarowne KPI i zdefiniowane regu\u0142y optymalizacji. Nie czekamy na raport miesi\u0119czny \u2014 wdra\u017camy zmiany wtedy, gdy maj\u0105 najwi\u0119kszy sens operacyjny.<\/p>\n<h3><b><\/b><\/h3>\n<h3><b>Zakup medi\u00f3w i realizacja kampanii<\/b><\/h3>\n<p><b><\/b><\/p>\n<p class=\"p3\">Realizujemy kampanie na wszystkich kluczowych platformach \u2014 z pe\u0142n\u0105 kontrol\u0105 nad konfiguracj\u0105, struktur\u0105 kosztow\u0105 i logik\u0105 targetowania. Ka\u017cda decyzja zakupowa jest udokumentowana, mierzalna i oparta na intencji. Nie ukrywamy mar\u017c, nie preferujemy kana\u0142\u00f3w \u2014 optymalizujemy zgodnie z interesem Klienta. Egzekucja to dla nas nie zadanie, lecz odpowiedzialno\u015b\u0107 za wynik.<\/p>\n<h3><b>Dane i analityka<\/b><\/h3>\n<p class=\"p3\">W BrandX Media dane to narz\u0119dzie decyzyjne, nie ozdobnik. Zapewniamy pe\u0142en wgl\u0105d w wyniki kampanii \u2014 w czasie rzeczywistym, na poziomie operacyjnym i zarz\u0105dczym. Nasza architektura raportowania wspiera codzienn\u0105 prac\u0119 zespo\u0142\u00f3w i daje przejrzysto\u015b\u0107 tam, gdzie naprawd\u0119 ma to znaczenie: przych\u00f3d, koszt, rentowno\u015b\u0107.<\/p>\n<h3><b><\/b><\/h3>\n<h3><b>Platformy, technologie i narz\u0119dzia<\/b><\/h3>\n<p><b><\/b><\/p>\n<p class=\"p3\">Zarz\u0105dzamy ca\u0142ym stosu technologicznym: od adserwer\u00f3w i DSP, przez platformy analityczne, a\u017c po autorskie dashboardy. Wdra\u017camy, konfigurujemy i utrzymujemy narz\u0119dzia w taki spos\u00f3b, by wspiera\u0142y proces \u2014 nie go komplikowa\u0142y. Niezale\u017cnie od tego, czy infrastruktura nale\u017cy do Klienta, czy do nas, dbamy o jej skuteczno\u015b\u0107 i zgodno\u015b\u0107.<\/p>\n<h3><b><\/b><\/h3>\n<h3><b>Zarz\u0105dzanie i zgodno\u015b\u0107<\/b><\/h3>\n<p><b><\/b><\/p>\n<p class=\"p3\">Od pocz\u0105tku projektujemy dzia\u0142ania tak, by spe\u0142nia\u0142y wymagania compliance. Dotyczy to struktury kampanii, dost\u0119p\u00f3w, logiki kosztowej i dokumentacji. Pracujemy w zgodzie z politykami wewn\u0119trznymi Klienta i standardami audytowymi \u2014 zw\u0142aszcza w \u015brodowiskach regulowanych, wra\u017cliwych lub nadzorowanych. Media to dla nas funkcja operacyjna, a nie zewn\u0119trzna us\u0142uga.<\/p>\n<h3><b><\/b><\/h3>\n<h3><b>Szkolenia i rozw\u00f3j<\/b><\/h3>\n<p><b><\/b><\/p>\n<p class=\"p3\">Aktywnie przekazujemy wiedz\u0119 zespo\u0142om Klienta. Prowadzimy onboarding, szkolenia i warsztaty operacyjne, t\u0142umacz\u0105c nie tylko <i>jak<\/i>, ale przede wszystkim <i>dlaczego<\/i>. Budujemy dojrza\u0142o\u015b\u0107 mediow\u0105 organizacji poprzez praktyk\u0119 \u2014 nie slajdy.<\/p>\n<p class=\"p1\"><span class=\"s1\"><\/span><\/p>\n<h3><b>Transfer wiedzy i dokumentacja<\/b><\/h3>\n<p class=\"p3\">Dokumentujemy wszystko, co robimy: procesy, konfiguracje, raporty, logik\u0119 dzia\u0142ania. Zbieramy wiedz\u0119 i udost\u0119pniamy j\u0105 w spos\u00f3b umo\u017cliwiaj\u0105cy skalowanie dzia\u0142a\u0144, rotacj\u0119 zespo\u0142\u00f3w czy wdra\u017canie nowych rynk\u00f3w. Dzi\u0119ki temu Klient zachowuje pe\u0142n\u0105 kontrol\u0119 \u2014 dzisiaj i jutro.<\/p>\n<h3><b><\/b><\/h3>\n<h3><b><\/b><\/h3>\n<h3><b><\/b><\/h3>\n<h3><b>Model BrandX Media<\/b><\/h3>\n<p class=\"p3\">BrandX Media dostarcza media digital jako funkcj\u0119 operacyjn\u0105 \u2014 nie warstw\u0119 us\u0142ugow\u0105. \u0141\u0105czymy my\u015blenie strategiczne, codzienn\u0105 egzekucj\u0119 i mierzalne rezultaty w jednym, zintegrowanym modelu. Ka\u017cdy proces, ka\u017cda platforma i ka\u017cda osoba jest podporz\u0105dkowana temu, co najwa\u017cniejsze: efektywno\u015bci, dyscyplinie i realnej warto\u015bci biznesowej.<\/p>\n<p>[\/et_pb_text][\/et_pb_column][\/et_pb_row][et_pb_row _builder_version=&#8221;4.27.4&#8243; _module_preset=&#8221;default&#8221; global_colors_info=&#8221;{}&#8221;][et_pb_column type=&#8221;4_4&#8243; _builder_version=&#8221;4.27.4&#8243; _module_preset=&#8221;default&#8221; global_colors_info=&#8221;{}&#8221;][et_pb_divider color=&#8221;#c4c4c4&#8243; _builder_version=&#8221;4.27.4&#8243; _module_preset=&#8221;default&#8221; global_colors_info=&#8221;{}&#8221;][\/et_pb_divider][\/et_pb_column][\/et_pb_row][et_pb_row column_structure=&#8221;1_3,2_3&#8243; _builder_version=&#8221;4.27.4&#8243; _module_preset=&#8221;default&#8221; global_colors_info=&#8221;{}&#8221;][et_pb_column type=&#8221;1_3&#8243; _builder_version=&#8221;4.27.4&#8243; _module_preset=&#8221;default&#8221; global_colors_info=&#8221;{}&#8221;][et_pb_button button_url=&#8221;https:\/\/brandxmedia.pl\/index.php\/kontakt\/&#8221; button_text=&#8221;Um\u00f3wmy si\u0119 na spotkanie, ch\u0119tnie odpowiemy na Pa\u0144stwa brief&#8221; button_alignment=&#8221;left&#8221; _builder_version=&#8221;4.27.4&#8243; _module_preset=&#8221;default&#8221; custom_button=&#8221;on&#8221; button_text_size=&#8221;20px&#8221; button_text_color=&#8221;#FFFFFF&#8221; button_bg_color=&#8221;#941100&#8243; button_border_width=&#8221;2px&#8221; button_border_color=&#8221;#FFFFFF&#8221; button_border_radius=&#8221;11px&#8221; button_letter_spacing=&#8221;0px&#8221; button_font=&#8221;|700|||||||&#8221; button_use_icon=&#8221;off&#8221; hover_enabled=&#8221;0&#8243; box_shadow_style=&#8221;preset1&#8243; global_colors_info=&#8221;{}&#8221; button_bg_enable_color=&#8221;on&#8221; sticky_enabled=&#8221;0&#8243;][\/et_pb_button][\/et_pb_column][et_pb_column type=&#8221;2_3&#8243; _builder_version=&#8221;4.27.4&#8243; _module_preset=&#8221;default&#8221; global_colors_info=&#8221;{}&#8221;][\/et_pb_column][\/et_pb_row][\/et_pb_section]<\/p>\n","protected":false},"excerpt":{"rendered":"<p>Prowadzimy dla Klient\u00f3w kompletne kampanie Digital, we wszystkich kana\u0142ach i platformach. Projektujemy kampanie full-funnel \u2013 od budowania zasi\u0119gu po maksymalizacj\u0119 konwersji \u2013 zawsze w zgodzie z danymi, procesem i konkretnym celem biznesowym Klienta.Strategy, execution, impact w praktyceNasza deklaracja \u201eStrategy &#8211; Execution &#8211; Impact\u201d wpisana w logotyp BrandX Media to realne przestrzenie, kt\u00f3re s\u0105 dla nas [&hellip;]<\/p>\n","protected":false},"author":1,"featured_media":0,"parent":0,"menu_order":0,"comment_status":"closed","ping_status":"closed","template":"","meta":{"_et_pb_use_builder":"on","_et_pb_old_content":"","_et_gb_content_width":"","footnotes":""},"class_list":["post-586","page","type-page","status-publish","hentry"],"_links":{"self":[{"href":"https:\/\/brandxmedia.pl\/index.php\/wp-json\/wp\/v2\/pages\/586","targetHints":{"allow":["GET"]}}],"collection":[{"href":"https:\/\/brandxmedia.pl\/index.php\/wp-json\/wp\/v2\/pages"}],"about":[{"href":"https:\/\/brandxmedia.pl\/index.php\/wp-json\/wp\/v2\/types\/page"}],"author":[{"embeddable":true,"href":"https:\/\/brandxmedia.pl\/index.php\/wp-json\/wp\/v2\/users\/1"}],"replies":[{"embeddable":true,"href":"https:\/\/brandxmedia.pl\/index.php\/wp-json\/wp\/v2\/comments?post=586"}],"version-history":[{"count":133,"href":"https:\/\/brandxmedia.pl\/index.php\/wp-json\/wp\/v2\/pages\/586\/revisions"}],"predecessor-version":[{"id":2237,"href":"https:\/\/brandxmedia.pl\/index.php\/wp-json\/wp\/v2\/pages\/586\/revisions\/2237"}],"wp:attachment":[{"href":"https:\/\/brandxmedia.pl\/index.php\/wp-json\/wp\/v2\/media?parent=586"}],"curies":[{"name":"wp","href":"https:\/\/api.w.org\/{rel}","templated":true}]}}